a multiple of 38?
True
Is 288 a multiple of 8?
True
Is 36 a factor of 36?
True
Does 2 divide 353?
False
Is 2673 a multiple of 81?
True
Is 82 a factor of 8446?
True
Is 6447 a multiple of 116?
False
Is 798 a multiple of 19?
True
Is 22282 a multiple of 26?
True
Does 4 divide 892?
True
Is 12 a factor of 816?
True
Does 30 divide 6510?
True
Is 150 a multiple of 6?
True
Is 95 a multiple of 5?
True
Is 336 a multiple of 12?
True
Does 118 divide 6490?
True
Does 24 divide 1294?
False
Is 167 a factor of 2455?
False
Does 44 divide 2068?
True
Is 139 a factor of 2167?
False
Is 4150 a multiple of 10?
True
Is 756 a multiple of 84?
True
Is 163 a multiple of 4?
False
Does 14 divide 119?
False
Is 19 a factor of 5301?
True
Is 4 a factor of 1196?
True
Is 6 a factor of 36?
True
Is 261 a factor of 85086?
True
Is 1262 a multiple of 2?
True
Does 16 divide 18?
False
Does 7 divide 3465?
True
Is 13 a factor of 2467?
False
Does 15 divide 15?
True
Does 129 divide 11868?
True
Does 254 divide 48768?
True
Does 6 divide 11479?
False
Does 17 divide 12222?
False
Is 4701 a multiple of 30?
False
Is 432 a multiple of 21?
False
Does 6 divide 6?
True
Does 20 divide 5260?
True
Is 3699 a multiple of 27?
True
Is 19 a factor of 1151?
False
Is 182 a multiple of 3?
False
Is 67695 a multiple of 37?
False
Is 18258 a multiple of 51?
True
Is 7 a factor of 1029?
True
Is 14965 a multiple of 16?
False
Does 28 divide 850?
False
Does 41 divide 196?
False
Does 10 divide 570?
True
Does 46 divide 355?
False
Does 20 divide 39840?
True
Is 107 a factor of 14873?
True
Is 26 a factor of 3043?
False
Is 22 a factor of 452?
False
Is 9 a factor of 4039?
False
Is 26 a factor of 172?
False
Is 3 a factor of 248?
False
Does 87 divide 39324?
True
Is 10 a factor of 1340?
True
Is 50 a factor of 1500?
True
Is 20 a factor of 1155?
False
Does 20 divide 177?
False
Is 9 a factor of 54353?
False
Does 48 divide 26543?
False
Is 10030 a multiple of 47?
False
Is 376 a multiple of 47?
True
Is 40 a factor of 320?
True
Is 826 a multiple of 59?
True
Is 48858 a multiple of 102?
True
Is 4216 a multiple of 50?
False
Does 13 divide 113466?
False
Is 959 a multiple of 21?
False
Does 3 divide 2515?
False
Is 62797 a multiple of 31?
False
Is 17530 a multiple of 79?
False
Does 20 divide 540?
True
Does 160 divide 48480?
True
Is 55 a factor of 13475?
True
Is 8001 a multiple of 118?
False
Is 1436 a multiple of 10?
False
Is 20 a factor of 151177?
False
Is 44 a factor of 4693?
False
Is 104 a factor of 4472?
True
Is 134 a factor of 7101?
False
Does 346 divide 55643?
False
Is 10 a factor of 122?
False
Is 3649 a multiple of 3?
False
Is 30863 a multiple of 24?
False
Is 7 a factor of 1368?
False
Is 2002 a multiple of 23?
False
Is 1123 a multiple of 14?
False
Is 1205 a multiple of 9?
False
Does 40 divide 2047?
False
Is 52 a factor of 23296?
True
Is 39 a factor of 2109?
False
Does 27 divide 13864?
False
Does 3 divide 339?
True
Is 42 a factor of 1976?
False
Is 1509 a multiple of 15?
False
Is 954 a multiple of 92?
False
Is 66 a factor of 10098?
True
Is 4 a factor of 28?
True
Does 17 divide 72369?
True
Is 17638 a multiple of 8?
False
Is 924 a multiple of 15?
False
Is 8932 a multiple of 116?
True
Is 9576 a multiple of 6?
True
Does 23 divide 1131?
False
Does 11 divide 1871?
False
Is 9 a factor of 287?
False
Does 15 divide 453?
False
Does 7 divide 3295?
False
Is 42 a factor of 42770?
False
Is 14 a factor of 2492?
True
Is 1885 a multiple of 12?
False
Is 11 a factor of 2552?
True
Is 330 a multiple of 15?
True
Does 14 divide 28504?
True
Is 16 a factor of 1376?
True
Is 2 a factor of 2502?
True
Is 169 a factor of 4378?
False
Does 85 divide 13685?
True
Is 19 a factor of 194?
False
Is 168 a multiple of 6?
True
Does 53 divide 5548?
False
Does 17 divide 306?
True
Is 4266 a multiple of 18?
True
Does 9 divide 3717?
True
Does 18 divide 121085?
False
Is 39426 a multiple of 175?
False
Is 8 a factor of 1136?
True
Is 8 a factor of 12360?
True
Is 17 a multiple of 2?
False
Is 10659 a multiple of 145?
False
Is 93 a factor of 15624?
True
Does 17 divide 10064?
True
Does 12 divide 4009?
False
Does 12 divide 528?
True
Is 58 a factor of 2088?
True
Does 7 divide 39687?
False
Does 13 divide 154?
False
Is 13619 a multiple of 12?
False
Does 12 divide 6336?
True
Does 2 divide 400?
True
Is 850 a multiple of 17?
True
Does 10 divide 270?
True
Is 240 a factor of 48638?
False
Is 38808 a multiple of 21?
True
Does 15 divide 1117?
False
Does 11 divide 12075?
False
Does 48 divide 1344?
True
Is 2550 a multiple of 6?
True
Is 3 a factor of 3442?
False
Is 3600 a multiple of 50?
True
Is 295 a multiple of 3?
False
Is 30 a factor of 5445?
False
Is 128 a multiple of 32?
True
Is 100 a multiple of 5?
True
Is 1534 a multiple of 13?
True
Is 72 a factor of 576?
True
Does 230 divide 1840?
True
Is 224 a multiple of 7?
True
Is 15 a factor of 1200?
True
Is 131 a factor of 38859?
False
Is 12 a factor of 1560?
True
Does 33 divide 14330?
False
Is 68 a multiple of 4?
True
Does 223 divide 68238?
True
Is 336 a multiple of 72?
False
Is 14305 a multiple of 9?
False
Does 94 divide 12502?
True
Is 1064 a multiple of 12?
False
Does 34 divide 204?
True
Does 5 divide 39?
False
Is 60 a factor of 12660?
True
Is 20016 a multiple of 16?
True
Does 7 divide 3185?
True
Is 7072 a multiple of 136?
True
Is 1032 a multiple of 12?
True
Is 8 a factor of 14514?
False
Is 2765 a multiple of 35?
True
Is 12 a factor of 168?
True
Does 39 divide 819?
True
Does 58 divide 19232?
False
Does 4 divide 273?
False
Is 215 a multiple of 15?
False
Is 22774 a multiple of 59?
True
Is 6 a factor of 72?
True
Is 134 a factor of 102011?
False
Is 16 a factor of 268?
False
Is 4 a factor of 5893?
False
Is 13912 a multiple of 47?
True
Does 227 divide 126733?
False
Does 31 divide 11318?
False
Is 24 a multiple of 8?
True
Is 143 a factor of 57486?
True
Does 22 divide 635?
False
Does 119 divide 36544?
False
Is 483 a multiple of 9?
False
Is 2298 a multiple of 77?
False
Is 116549 a multiple of 46?
False
Is 6032 a multiple of 58?
True
Is 894 a multiple of 52?
False
Does 268 divide 10419?
False
Does 56 divide 8742?
False
Is 5 a factor of 259?
False
Is 17 a factor of 1428?
True
Is 1034 a multiple of 47?
True
Does 10 divide 208?
False
Is 9 a factor of 66?
False
Is 135 a multiple of 9?
True
Does 161 divide 5526?
False
Is 834 a multiple of 22?
False
Is 2178 a multiple of 18?
True
Does 5 divide 15?
True
Does 309 divide 113712?
True
Is 6566 a multiple of 49?
True
Does 137 divide 12193?
True
Is 8970 a multiple of 78?
True
Is 1580 a multiple of 79?
True
Is 21725 a multiple of 25?
True
Is 4 a factor of 5460?
True
Does 10 divide 1080?
True
Is 2033 a multiple of 39?
False
Is 13 a factor of 31980?
True
Is 151 a factor of 4077?
True
Does 17 divide 15827?
True
Does 66 divide 975?
False
Is 681 a multiple of 6?
False
Is 17269 a multiple of 53?
False
Is 4400 a multiple of 44?
True
Does 18 divide 9684?
True
Does 11 divide 95?
False
Is 73439 a multiple of 31?
True
Is 30800 a multiple of 34?
False
Is 704 a multiple of 25?
False
Does 179 divide 6086?
True
Is 30 a factor of 274?
False
Does 48 divide 240?
True
Does 64 divide 155?
False
Is 39 a multiple of 2?
False
Does 34 divide 12546?
True
Is 1656 a multiple of 24?
True
Does 6 divide 346?
False
Is 46039 a multiple of 47?
False
Is 28440 a multiple of 197?
False
Does 39 divide 34008?
True
Is 15 a factor of 6452?
False
Is 6090 even?
True
Is 3 a factor of 597?
True
Does 207 divide 1035?
True
Is 2961 a multiple of 7?
True
Does 129 divide 774?
True
Is 915 a multiple of 18?
False
Is 11 a factor of 1370?
False
Does 68 divide 54230?
False
Does 24 divide 1319?
False
Is 52 a factor of 924?
False
Is 772 a multiple of 41?
False
Does 43 divide 14660?
False
Is 8 a factor of 1888?
True
Is 44 a factor of 9042?
False
Is 19 a factor of 8740?
True
Is 14 a factor of 406?
True
Is 13732 a multiple of 27?
False
Is 2 a factor of 328?
True
Does 134 divide 7807?
False
Does 31 divide 434?
True
Does 10 divide 3500?
True
Is 6 a factor of 8244?
True
Is 20 a factor of 4480?
True
Does 113 divide 17455?
False
Is 5353 a multiple of 51?
False
Does 4 divide 252?
True
Is 375 a multiple of 8?
False
Is 27 a factor of 94718?
False
Does 14 divide 4550?
True
Does 29 divide 10069?
False
Is 168 a multiple of 4?
True
Does 69 divide 10626?
True
Is 44496 a multiple of 12?
True
Is 17 a fa